s -31322 - 1021?
-33003
In base 11, what is -2680 + 129?
-2552
In base 9, what is 2385427 + 0?
2385427
In base 5, what is 42133404 - -3?
42133412
In base 8, what is -322160 - 5?
-322165
In base 10, what is 19242 - -50?
19292
In base 3, what is 12000102 + 10?
12000112
In base 3, what is -12002212122 + -100?
-12002212222
In base 16, what is -7 + 18a4?
189d
In base 13, what is -71 + -241?
-2b2
In base 12, what is -5 + -2808?
-2811
In base 6, what is 405 - -220?
1025
In base 3, what is 21100122102 + 11?
21100122120
In base 16, what is -8 + -eaa7?
-eaaf
In base 9, what is -85 - -304?
208
In base 14, what is b - 27208?
-271db
In base 14, what is -34538 - 4?
-3453c
In base 16, what is 2134a4 + 1?
2134a5
In base 8, what is 153 - -51?
224
In base 12, what is 49 + 150a?
1557
In base 16, what is -3 + 68dfd?
68dfa
In base 7, what is -235 - 3336?
-3604
In base 11, what is -2 + -7226?
-7228
In base 13, what is -1 + -28596?
-28597
In base 7, what is -2 - -44341?
44336
In base 11, what is 948a7 + 8?
94904
In base 3, what is -10220 + 1112?
-2101
In base 3, what is 11 + 1011220120121?
1011220120202
In base 10, what is 4867 + 40?
4907
In base 4, what is 2 + 200211302?
200211310
In base 7, what is -452 + 242?
-210
In base 8, what is -315273 + 5?
-315266
In base 9, what is -2 + 482750?
482747
In base 14, what is 7 - ad1a?
-ad13
In base 7, what is 13 + 36232?
36245
In base 5, what is -412210 - 10?
-412220
In base 3, what is 0 - -12220122222?
12220122222
In base 15, what is -1 + -13881d?
-13881e
In base 16, what is 69 - a9?
-40
In base 4, what is 2 + 13130011?
13130013
In base 12, what is 53a9a + -18?
53a82
In base 15, what is -3535 + -12?
-3547
In base 10, what is 5130 - -16?
5146
In base 12, what is -1137 - -1122?
-15
In base 11, what is -47495 + 4?
-47491
In base 3, what is 1210022222 - 11?
1210022211
In base 6, what is -1054413 - -31?
-1054342
In base 6, what is -2 + -202013?
-202015
In base 3, what is -1 + 1012011200?
1012011122
In base 16, what is -1b - 737?
-752
In base 3, what is 1022 + -110022210?
-110021111
In base 7, what is -55 + -4651?
-5036
In base 2, what is -100 + -111010111?
-111011011
In base 3, what is 10221011 - -22001?
11020012
In base 7, what is 2056 + -4132?
-2043
In base 3, what is 12012022 + 1?
12012100
In base 12, what is 2690 + a?
269a
In base 11, what is -183755 - 4?
-183759
In base 4, what is 320133 - 31?
320102
In base 16, what is -89e2 - -4a?
-8998
In base 16, what is 9e - -6c?
10a
In base 9, what is -68705 + -5?
-68711
In base 15, what is -3 - 3da22?
-3da25
In base 6, what is -42100 - -203?
-41453
In base 7, what is 42555 + 2?
42560
In base 3, what is -10 - -10211222201?
10211222121
In base 11, what is 11 + 25049?
2505a
In base 16, what is 49261 + -1?
49260
In base 7, what is -124 - 15616?
-16043
In base 16, what is 7 - 144b?
-1444
In base 11, what is -25705 - -3?
-25702
In base 15, what is 12e81 - -2?
12e83
In base 3, what is -12 - -120120110?
120120021
In base 12, what is -5 + 3346?
3341
In base 2, what is -1 - 110000110010100001?
-110000110010100010
In base 10, what is -8 + 52662?
52654
In base 4, what is -30112113 - -20?
-30112033
In base 11, what is -3a307 - -41?
-3a276
In base 2, what is 110000101010 + 100100?
110001001110
In base 3, what is 101 + 222120?
222221
In base 3, what is 2 - -20211002?
20211011
In base 8, what is -131351 + 5?
-131344
In base 13, what is 75 + 91?
136
In base 2, what is 11101110101 - -111011110?
100101010011
In base 12, what is 13 - -b5a?
b71
In base 11, what is -4 - aaa3?
-aaa7
In base 2, what is 1000111100110111010 + 1?
1000111100110111011
In base 12, what is 9 + -a988?
-a97b
In base 10, what is 8119 - -5?
8124
In base 15, what is -37d5b + 9?
-37d52
In base 7, what is 62013 + -4?
62006
In base 10, what is -2 - -30606?
30604
In base 7, what is -6262 + -2013?
-11305
In base 13, what is -5885 - 4?
-5889
In base 12, what is 86 + 1353?
1419
In base 3, what is 10 + 121201012220?
121201020000
In base 14, what is 5312a - -2?
5312c
In base 3, what is 10111 - 22110?
-11222
In base 16, what is 15 + -272a?
-2715
In base 16, what is -488 - 22?
-4aa
In base 7, what is 1 + -264320?
-264316
In base 13, what is 53a9a + -13?
53a87
In base 8, what is -14 + 1027237?
1027223
In base 15, what is 1d4 - 5a?
179
In base 6, what is -3404 - 1203?
-5011
In base 6, what is -1 - 2300154?
-2300155
In base 9, what is -3 - 6131?
-6134
In base 3, what is -2200220100 - 1?
-2200220101
In base 10, what is -5 + -102049?
-102054
In base 13, what is -463c + 4?
-4638
In base 7, what is -2313 - -45?
-2235
In base 12, what is -9518 - 20?
-9538
In base 6, what is 2132305 + -4?
2132301
In base 11, what is -21 - 66033?
-66054
In base 16, what is -2 - 1aa3d?
-1aa3f
In base 4, what is -12 - 2123230?
-2123302
In base 4, what is -110 + -3002313?
-3003023
In base 10, what is -17786 + -52?
-17838
In base 14, what is -893d4 + -1?
-893d5
In base 9, what is -423 + 23?
-400
In base 10, what is 88567 - 1?
88566
In base 11, what is -5 - -7629?
7624
In base 14, what is da + -232?
-136
In base 11, what is -33779 + -1?
-3377a
In base 12, what is 240 - -85?
305
In base 12, what is -7 + 1852a?
18523
In base 8, what is -326221 - 17?
-326240
In base 8, what is 21073 - 47?
21024
In base 8, what is -57 - -56213?
56134
In base 8, what is -477 + 21033?
20334
In base 6, what is 5 - 5214501?
-5214452
In base 8, what is 53 - -21565?
21640
In base 2, what is -101 - 1001001111001000?
-1001001111001101
In base 9, what is -5 + 37530?
37524
In base 5, what is 23213 - -1301?
30014
In base 9, what is 3 - -12541?
12544
In base 9, what is -3234 - -28?
-3205
In base 13, what is 8bacc9 - -1?
8bacca
In base 6, what is 14 - -104301?
104315
In base 16, what is 274f - 242?
250d
In base 10, what is -1049 - -990?
-59
In base 12, what is -b - -341?
332
In base 15, what is 1 + -ca47?
-ca46
In base 11, what is 0 + 203025?
203025
In base 5, what is 312434223 + 4?
312434232
In base 16, what is 18 + 15?
2d
In base 11, what is 0 + -475aa9?
-475aa9
In base 10, what is 19 - 2141?
-2122
In base 3, what is -1112 - 12210?
-21022
In base 7, what is -2 + 644235?
644233
In base 8, what is -115231 + -11?
-115242
In base 2, what is 10101001000001000 - 10?
10101001000000110
In base 14, what is 6 + 55ad?
55b5
In base 9, what is 1648311 + 3?
1648314
In base 2, what is 11010 + 111111101001011?
111111101100101
In base 13, what is 4 - -23449c?
2344a3
In base 9, what is -53 + -757?
-821
In base 2, what is -1010101100 + 1001010?
-1001100010
In base 6, what is 10012234 + -5?
10012225
In base 4, what is 10 - -111123332?
111130002
In base 6, what is -1 - 220535?
-220540
In base 12, what is -631 + -1193?
-1804
In base 2, what is -1 + 100100010111110?
100100010111101
In base 15, what is a - -280d6?
280e1
In base 14, what is -a9 + b52?
a87
In base 10, what is 9752 + 95?
9847
In base 4, what is 13 - -221230103?
221230122
In base 5, what is 102400 + -41?
102304
In base 16, what is -74ad + 6?
-74a7
In base 13, what is -11 - -6706?
66c5
In base 9, what is -2438162 - 0?
-2438162
In base 9, what is -350 + 2728?
2368
In base 4, what is -2 - 100001311?
-100001313
In base 7, what is 24 + 121135?
121162
In base 6, what is -1335 - -1014?
-321
In base 11, what is -11 - 3512?
-3523
In base 9, what is 4 + 487117?
487122
In base 6, what is 3 + 2035334?
2035341
In base 14, what is 5 - -c1d14?
c1d19
In base 3, what is -11221122 + -12022?
-12010221
In base 16, what is -1fc02 + -5?
-1fc07
In base 3, what is -111212 + -2122?
-121111
In base 7, what is -106 + -445?
-554
In base 12, what is 1 + -306430?
-30642b
In base 13, what is 159a + b?
15a8
In base 13, what is -485 - -312?
-173
In base 5, what is 10304002 + -4?
10303443
In base 3, what is 10102 + -210020?
-122211
In base 5, what is 2 - -40204020?
40204022
In base 16, what is -461 - -9?
-458
In base 14, what is 1 - 5cd4?
-5cd3
In base 4, what is -11 + -1012300033?
-1012300110
In base 8, what is 520 - -6236?
6756
In base 8, what is 7 + -1101750?
-1101741
In base 9, what is 36217 + -2?
36215
In base 13, what is -28752 - 63?
-287b5
In base 14, what is -15b60 - 4?
-15b64
In base 4, what is 102221303320 - 1?
102221303313
In base 15, what is 1542 - 2?
1540
In base 13, what is 43534b - 4?
435347
In base 11, what is -3 - 107299?
-1072a1
In base 12, what is 4 + 20452?
20456
In base 6, what i